{"id":40,"date":"2026-02-18T10:35:10","date_gmt":"2026-02-18T10:35:10","guid":{"rendered":"https:\/\/pilatesluxembourg.com\/?page_id=40"},"modified":"2026-03-28T12:16:41","modified_gmt":"2026-03-28T12:16:41","slug":"home-2","status":"publish","type":"page","link":"https:\/\/pilatesluxembourg.com\/?page_id=40","title":{"rendered":"S\u00e9ances Pilates online"},"content":{"rendered":"<em><strong>Les s\u00e9ances priv\u00e9es de Pilates \u00e0 distance offrent un accompagnement personnalis\u00e9, structur\u00e9 et exigeant, o\u00f9 que vous soyez.<\/strong><\/em>\n\n<!-- \/wp:post-content --><!-- wp:paragraph -->\n\nChaque s\u00e9ance est con\u00e7ue selon vos besoins sp\u00e9cifiques : posture, renforcement des muscles profonds, stabilit\u00e9, mobilit\u00e9 ou pr\u00e9vention des tensions.\n\n<!-- \/wp:paragraph --><!-- wp:paragraph -->\n\nGr\u00e2ce \u00e0 un guidage pr\u00e9cis et des corrections d\u00e9taill\u00e9es en temps r\u00e9el, vous b\u00e9n\u00e9ficiez d\u2019un encadrement attentif et rigoureux, comparable \u00e0 une s\u00e9ance en pr\u00e9sentiel.\n\n<!-- \/wp:paragraph --><!-- wp:paragraph -->\n\nLa M\u00e9thode Contr\u00f4le Balance repose sur :\n\n<!-- \/wp:paragraph --><!-- wp:paragraph -->\n\n\u2013 La ma\u00eetrise du mouvement\n\u2013 L\u2019alignement postural\n\u2013 Le renforcement profond\n\u2013 L\u2019\u00e9quilibre et la fluidit\u00e9\n\n<!-- \/wp:paragraph --><!-- wp:paragraph -->\n\nChaque mouvement est ex\u00e9cut\u00e9 avec intention.\nChaque progression est pens\u00e9e avec pr\u00e9cision.\n\n<!-- \/wp:paragraph --><!-- wp:paragraph -->\n\nUn espace confidentiel, enti\u00e8rement d\u00e9di\u00e9 \u00e0 votre \u00e9volution.\n\n<!-- \/wp:paragraph --><!-- wp:heading {\"level\":5} -->\n<h5><em>Mat\u00e9riel simple : tapis, \u00e9ventuellement petits accessoires.<\/em><\/h5>\n<!-- \/wp:heading --><!-- wp:group {\"metadata\":{\"name\":\"Pricing table\",\"categories\":[\"services\"],\"patternName\":\"three-column-pricing-table-2\"},\"align\":\"full\",\"className\":\"alignfull\",\"style\":{\"spacing\":{\"padding\":{\"top\":\"calc( 0.5 * var(u002du002dwpu002du002dstyleu002du002drootu002du002dpadding-right, var(u002du002dwpu002du002dcustomu002du002dgapu002du002dhorizontal)))\",\"bottom\":\"calc( 0.5 * var(u002du002dwpu002du002dstyleu002du002drootu002du002dpadding-right, var(u002du002dwpu002du002dcustomu002du002dgapu002du002dhorizontal)))\",\"left\":\"var(u002du002dwpu002du002dstyleu002du002drootu002du002dpadding-left, var(u002du002dwpu002du002dcustomu002du002dgapu002du002dhorizontal))\",\"right\":\"var(u002du002dwpu002du002dstyleu002du002drootu002du002dpadding-right, var(u002du002dwpu002du002dcustomu002du002dgapu002du002dhorizontal))\"},\"margin\":{\"top\":\"0\",\"bottom\":\"0\"}}},\"layout\":{\"type\":\"constrained\",\"justifyContent\":\"center\"}} -->\n\n<!-- wp:spacer {\"height\":\"calc( 0.25 * var(u002du002dwpu002du002dstyleu002du002drootu002du002dpadding-right, var(u002du002dwpu002du002dcustomu002du002dgapu002du002dhorizontal)))\"} -->\n\n<!-- \/wp:spacer --><!-- wp:heading {\"textAlign\":\"center\"} -->\n\n<!-- \/wp:heading --><!-- wp:spacer {\"height\":\"0px\",\"width\":\"0px\"} -->\n\n<!-- \/wp:spacer --><!-- wp:columns {\"metadata\":{\"name\":\"Tiers\"},\"align\":\"wide\"} -->\n\n<!-- wp:column {\"metadata\":{\"name\":\"Tier Item (highlighted)\"},\"style\":{\"spacing\":{\"padding\":{\"right\":\"var:preset|spacing|40\",\"left\":\"var:preset|spacing|40\",\"top\":\"var:preset|spacing|30\",\"bottom\":\"var:preset|spacing|30\"},\"blockGap\":\"var:preset|spacing|40\"},\"border\":{\"width\":\"2px\"}},\"backgroundColor\":\"base-2\",\"borderColor\":\"primary\",\"layout\":{\"type\":\"constrained\"}} -->\n\n<!-- wp:paragraph {\"fontSize\":\"small\"} -->\n\n<!-- \/wp:paragraph -->\n\n<!-- \/wp:column --><!-- wp:paragraph -->\n\n<!-- \/wp:paragraph -->\n\n<!-- \/wp:columns --><!-- wp:buttons {\"layout\":{\"type\":\"flex\",\"justifyContent\":\"center\",\"verticalAlignment\":\"bottom\"}} -->\n\n<!-- wp:button {\"width\":100,\"className\":\"is-style-outline\"} -->\n\n<!-- \/wp:button -->\n\n<!-- \/wp:buttons -->\n\n<!-- \/wp:group -->\n\n<!-- \/wp:columns --><!-- wp:spacer {\"height\":\"calc( 0.25 * var(u002du002dwpu002du002dstyleu002du002drootu002du002dpadding-right, var(u002du002dwpu002du002dcustomu002du002dgapu002du002dhorizontal)))\"} -->\n\n<!-- \/wp:spacer -->\n\n<!-- \/wp:group --><!-- wp:paragraph -->\n\n<!-- \/wp:paragraph -->\n\n<!-- wp:group {\"metadata\":{\"name\":\"Pricing table\",\"categories\":[\"services\"],\"patternName\":\"three-column-pricing-table-2\"},\"align\":\"full\",\"className\":\"alignfull\",\"style\":{\"spacing\":{\"padding\":{\"top\":\"calc( 0.5 * var(\\u002d\\u002dwp\\u002d\\u002dstyle\\u002d\\u002droot\\u002d\\u002dpadding-right, var(\\u002d\\u002dwp\\u002d\\u002dcustom\\u002d\\u002dgap\\u002d\\u002dhorizontal)))\",\"bottom\":\"calc( 0.5 * var(\\u002d\\u002dwp\\u002d\\u002dstyle\\u002d\\u002droot\\u002d\\u002dpadding-right, var(\\u002d\\u002dwp\\u002d\\u002dcustom\\u002d\\u002dgap\\u002d\\u002dhorizontal)))\",\"left\":\"var(\\u002d\\u002dwp\\u002d\\u002dstyle\\u002d\\u002droot\\u002d\\u002dpadding-left, var(\\u002d\\u002dwp\\u002d\\u002dcustom\\u002d\\u002dgap\\u002d\\u002dhorizontal))\",\"right\":\"var(\\u002d\\u002dwp\\u002d\\u002dstyle\\u002d\\u002droot\\u002d\\u002dpadding-right, var(\\u002d\\u002dwp\\u002d\\u002dcustom\\u002d\\u002dgap\\u002d\\u002dhorizontal))\"},\"margin\":{\"top\":\"0\",\"bottom\":\"0\"}}},\"layout\":{\"type\":\"constrained\",\"justifyContent\":\"center\"}} -->\n<div class=\"wp-block-group alignfull\" style=\"margin-top: 0; margin-bottom: 0; padding: calc( 0.5 * var(--wp--style--root--padding-right, var(--wp--custom--gap--horizontal))) var(--wp--style--root--padding-right, var(--wp--custom--gap--horizontal)) calc( 0.5 * var(--wp--style--root--padding-right, var(--wp--custom--gap--horizontal))) var(--wp--style--root--padding-left, var(--wp--custom--gap--horizontal));\"><!-- wp:spacer {\"height\":\"calc( 0.25 * var(\\u002d\\u002dwp\\u002d\\u002dstyle\\u002d\\u002droot\\u002d\\u002dpadding-right, var(\\u002d\\u002dwp\\u002d\\u002dcustom\\u002d\\u002dgap\\u002d\\u002dhorizontal)))\"} -->\n<div class=\"wp-block-spacer\" style=\"height: calc( 0.25 * var(--wp--style--root--padding-right, var(--wp--custom--gap--horizontal)));\" aria-hidden=\"true\"><\/div>\n<!-- \/wp:spacer -->\n\n<!-- wp:heading {\"textAlign\":\"center\"} -->\n<h2 class=\"wp-block-heading has-text-align-center\">PACKS<\/h2>\n<!-- \/wp:heading -->\n\n<!-- wp:spacer {\"height\":\"var:preset|spacing|30\",\"width\":\"0px\"} -->\n<div class=\"wp-block-spacer\" style=\"height: var(--wp--preset--spacing--30); width: 0px;\" aria-hidden=\"true\"><\/div>\n<!-- \/wp:spacer -->\n\n<!-- wp:columns {\"metadata\":{\"name\":\"Tiers\"},\"align\":\"wide\"} -->\n<div class=\"wp-block-columns alignwide\"><!-- wp:column {\"metadata\":{\"name\":\"Tier Item\"},\"style\":{\"spacing\":{\"padding\":{\"right\":\"var:preset|spacing|40\",\"left\":\"var:preset|spacing|40\",\"top\":\"var:preset|spacing|30\",\"bottom\":\"var:preset|spacing|50\"},\"blockGap\":\"var:preset|spacing|40\"},\"border\":{\"width\":\"1px\"}},\"backgroundColor\":\"base-2\",\"borderColor\":\"primary\",\"layout\":{\"type\":\"constrained\"}} -->\n<div class=\"wp-block-column has-border-color has-primary-border-color has-base-2-background-color has-background\" style=\"border-width: 1px; padding: var(--wp--preset--spacing--30) var(--wp--preset--spacing--40) var(--wp--preset--spacing--50) var(--wp--preset--spacing--40);\"><!-- wp:paragraph {\"fontSize\":\"small\"} -->\n<p class=\"has-small-font-size\"><strong>Essentiel\u00a0 (Mini-Groupe) &#8220;<em>DEBUTANT<\/em><\/strong>&#8221; \/ <em><strong>&#8221; INTERM\u00c9DIAIRE&#8221;<\/strong><\/em><\/p>\n<!-- \/wp:paragraph -->\n\n<!-- wp:paragraph {\"fontSize\":\"small\"} -->\n\n<!-- \/wp:paragraph -->\n\n<!-- wp:heading {\"className\":\"is-style-default\"} -->\n<h2 class=\"wp-block-heading is-style-default\"><strong>87\u20ac<\/strong><\/h2>\n<!-- \/wp:heading -->\n\n<!-- wp:group {\"layout\":{\"type\":\"flex\",\"flexWrap\":\"nowrap\"}} -->\n<div class=\"wp-block-group\"><!-- wp:paragraph {\"align\":\"left\",\"style\":{\"elements\":{\"link\":{\"color\":{\"text\":\"var:preset|color|contrast-2\"}}}},\"textColor\":\"contrast-2\"} --><\/div>\n<p class=\"has-text-align-left has-contrast-2-color has-text-color has-link-color\"><strong>\u2726<\/strong>5 s\u00e9ances<\/p>\n<p class=\"has-text-align-left has-contrast-2-color has-text-color has-link-color\"><strong style=\"font-size: revert; color: initial;\">\u2726<\/strong><span style=\"font-size: revert; color: initial;\">60 min<\/span><\/p>\n\n<\/div>\n<div class=\"wp-block-group\">\n<div class=\"wp-block-group\">\n\n<!-- \/wp:paragraph -->\n\n<\/div>\n<!-- \/wp:group -->\n\n<!-- wp:group {\"layout\":{\"type\":\"flex\",\"flexWrap\":\"nowrap\"}} -->\n<div class=\"wp-block-group\"><!-- wp:paragraph --><!-- \/wp:paragraph --><\/div>\n<!-- \/wp:group -->\n\n<\/div>\n<!-- \/wp:group -->\n\n<!-- wp:spacer {\"height\":\"16px\"} -->\n<div class=\"wp-block-spacer\" style=\"height: 16px;\" aria-hidden=\"true\"><\/div>\n<!-- \/wp:spacer -->\n\n<!-- wp:buttons {\"layout\":{\"type\":\"flex\",\"justifyContent\":\"center\"}} -->\n<div class=\"wp-block-buttons\"><!-- wp:button {\"width\":100,\"className\":\"is-style-outline\"} -->\n<div class=\"wp-block-button has-custom-width wp-block-button__width-100 is-style-outline\"><a class=\"wp-block-button__link wp-element-button\" href=\"http:\/\/&lt;form action=&quot;https:\/\/www.paypal.com\/cgi-bin\/webscr&quot; method=&quot;post&quot; target=&quot;_blank&quot;&gt;   &lt;input type=&quot;hidden&quot; name=&quot;cmd&quot; value=&quot;_s-xclick&quot; \/&gt;   &lt;input type=&quot;hidden&quot; name=&quot;hosted_button_id&quot; value=&quot;PN2V5TB4Q472E&quot; \/&gt;   &lt;table&gt;     &lt;tr&gt;       &lt;td&gt;         &lt;input type=&quot;hidden&quot; name=&quot;on0&quot; value=&quot;Pilates online (Mini-Groupe)&quot;\/&gt;         Pilates online (Mini-Groupe)       &lt;\/td&gt;     &lt;\/tr&gt;     &lt;tr&gt;       &lt;td&gt;         &lt;select name=&quot;os0&quot;&gt;           &lt;option value=&quot;Pack 5 s\u00e9ances - 87.00 USD&quot;&gt;             Pack 5 s\u00e9ances - 87.00 USD           &lt;\/option&gt;         &lt;\/select&gt;       &lt;\/td&gt;     &lt;\/tr&gt;   &lt;\/table&gt;   &lt;input type=&quot;hidden&quot; name=&quot;currency_code&quot; value=&quot;USD&quot; \/&gt;   &lt;input type=&quot;image&quot; src=&quot;https:\/\/www.paypalobjects.com\/fr_FR\/i\/btn\/btn_cart_LG.gif&quot; border=&quot;0&quot; name=&quot;submit&quot; title=&quot;PayPal, votre r\u00e9flexe s\u00e9curit\u00e9 pour payer en ligne.&quot; alt=&quot;Ajouter au panier&quot; \/&gt; &lt;\/form&gt;\" data-wplink-url-error=\"true\"><strong>R\u00e9server votre place<\/strong><\/a><\/div>\n<!-- \/wp:button -->\n\n<\/div>\n<!-- \/wp:buttons -->\n\n<\/div>\n<!-- \/wp:column -->\n\n<!-- wp:column {\"metadata\":{\"name\":\"Tier Item\"},\"style\":{\"spacing\":{\"padding\":{\"right\":\"var:preset|spacing|40\",\"left\":\"var:preset|spacing|40\",\"top\":\"var:preset|spacing|30\",\"bottom\":\"var:preset|spacing|50\"},\"blockGap\":\"var:preset|spacing|40\"},\"border\":{\"width\":\"1px\"}},\"backgroundColor\":\"base-2\",\"borderColor\":\"primary\",\"layout\":{\"type\":\"constrained\"}} -->\n<div class=\"wp-block-column has-border-color has-primary-border-color has-base-2-background-color has-background\" style=\"border-width: 1px; padding: var(--wp--preset--spacing--30) var(--wp--preset--spacing--40) var(--wp--preset--spacing--50) var(--wp--preset--spacing--40);\"><!-- wp:paragraph {\"fontSize\":\"small\"} -->\n<p class=\"has-small-font-size\"><strong>Essentiel &#8211; (Priv\u00e9e)<em> &#8220;TOUS LES NIVEAUX&#8221;<\/em><\/strong><\/p>\n<!-- \/wp:paragraph -->\n\n<!-- wp:paragraph -->\n\n<!-- \/wp:paragraph -->\n\n<!-- wp:heading {\"className\":\"is-style-default\"} -->\n<h2 class=\"wp-block-heading is-style-default\"><strong>120 \u20ac<\/strong><\/h2>\n<!-- \/wp:heading -->\n\n<!-- wp:group {\"layout\":{\"type\":\"flex\",\"orientation\":\"vertical\",\"justifyContent\":\"stretch\"}} -->\n<div class=\"wp-block-group\"><!-- wp:group {\"layout\":{\"type\":\"flex\",\"flexWrap\":\"nowrap\"}} -->\n<div class=\"wp-block-group\"><!-- wp:paragraph {\"align\":\"left\",\"style\":{\"elements\":{\"link\":{\"color\":{\"text\":\"var:preset|color|contrast-2\"}}}},\"textColor\":\"contrast-2\"} -->\n<p class=\"has-text-align-left has-contrast-2-color has-text-color has-link-color\"><strong>\u2726<\/strong>5 s\u00e9ances priv\u00e9es<\/p>\n<!-- \/wp:paragraph -->\n\n<!-- wp:paragraph {\"align\":\"left\",\"style\":{\"elements\":{\"link\":{\"color\":{\"text\":\"var:preset|color|contrast\"}}},\"layout\":{\"selfStretch\":\"fit\",\"flexSize\":null}},\"textColor\":\"contrast\"} -->\n\n<!-- \/wp:paragraph -->\n\n<\/div>\n<!-- \/wp:group -->\n\n<!-- wp:group {\"layout\":{\"type\":\"flex\",\"flexWrap\":\"nowrap\"}} -->\n<div class=\"wp-block-group\"><!-- wp:paragraph {\"align\":\"left\",\"style\":{\"elements\":{\"link\":{\"color\":{\"text\":\"var:preset|color|contrast-2\"}}}},\"textColor\":\"contrast-2\"} -->\n<p class=\"has-text-align-left has-contrast-2-color has-text-color has-link-color\"><strong>\u2726<\/strong>60 min<\/p>\n<!-- \/wp:paragraph -->\n\n<!-- wp:paragraph {\"align\":\"left\",\"style\":{\"elements\":{\"link\":{\"color\":{\"text\":\"var:preset|color|contrast\"}}},\"layout\":{\"selfStretch\":\"fit\",\"flexSize\":null}},\"textColor\":\"contrast\"} -->\n\n<!-- \/wp:paragraph -->\n\n<\/div>\n<!-- \/wp:group -->\n\n<!-- wp:group {\"layout\":{\"type\":\"flex\",\"flexWrap\":\"nowrap\"}} -->\n<div class=\"wp-block-group\"><!-- wp:paragraph {\"align\":\"left\",\"style\":{\"elements\":{\"link\":{\"color\":{\"text\":\"var:preset|color|contrast-2\"}}}},\"textColor\":\"contrast-2\"} -->\n<p class=\"has-text-align-left has-contrast-2-color has-text-color has-link-color\"><strong>\u2726<\/strong>\u00c9valuation initiale personnalis\u00e9e<\/p>\n<!-- \/wp:paragraph -->\n\n<!-- wp:paragraph {\"align\":\"left\",\"style\":{\"elements\":{\"link\":{\"color\":{\"text\":\"var:preset|color|contrast\"}}},\"layout\":{\"selfStretch\":\"fit\",\"flexSize\":null}},\"textColor\":\"contrast\"} -->\n\n<!-- \/wp:paragraph -->\n\n<\/div>\n<!-- \/wp:group -->\n\n<\/div>\n<!-- \/wp:group -->\n\n<!-- wp:spacer {\"height\":\"16px\"} -->\n<div class=\"wp-block-spacer\" style=\"height: 16px;\" aria-hidden=\"true\"><\/div>\n<!-- \/wp:spacer -->\n\n<!-- wp:buttons {\"layout\":{\"type\":\"flex\",\"justifyContent\":\"center\"}} -->\n<div class=\"wp-block-buttons\"><!-- wp:button {\"width\":100,\"className\":\"is-style-outline\"} -->\n<div class=\"wp-block-button has-custom-width wp-block-button__width-100 is-style-outline\"><a class=\"wp-block-button__link wp-element-button\" href=\"http:\/\/&lt;form action=&quot;https:\/\/www.paypal.com\/cgi-bin\/webscr&quot; method=&quot;post&quot; target=&quot;_blank&quot;&gt;   &lt;input type=&quot;hidden&quot; name=&quot;cmd&quot; value=&quot;_s-xclick&quot; \/&gt;   &lt;input type=&quot;hidden&quot; name=&quot;hosted_button_id&quot; value=&quot;KSA37NDFDG24W&quot; \/&gt;   &lt;table&gt;     &lt;tr&gt;       &lt;td&gt;         &lt;input type=&quot;hidden&quot; name=&quot;on0&quot; value=&quot;Pilates online 5 s\u00e9ances (Priv\u00e9e)&quot;\/&gt;         Pilates online 5 s\u00e9ances (Priv\u00e9e)       &lt;\/td&gt;     &lt;\/tr&gt;     &lt;tr&gt;       &lt;td&gt;         &lt;select name=&quot;os0&quot;&gt;           &lt;option value=&quot;120 USD&quot;&gt;             120 USD           &lt;\/option&gt;         &lt;\/select&gt;       &lt;\/td&gt;     &lt;\/tr&gt;   &lt;\/table&gt;   &lt;input type=&quot;hidden&quot; name=&quot;currency_code&quot; value=&quot;USD&quot; \/&gt;   &lt;input type=&quot;image&quot; src=&quot;https:\/\/www.paypalobjects.com\/fr_FR\/i\/btn\/btn_cart_LG.gif&quot; border=&quot;0&quot; name=&quot;submit&quot; title=&quot;PayPal, votre r\u00e9flexe s\u00e9curit\u00e9 pour payer en ligne.&quot; alt=&quot;Ajouter au panier&quot; \/&gt; &lt;\/form&gt;\" data-wplink-url-error=\"true\"><strong>R\u00e9server votre place<\/strong><\/a><\/div>\n<!-- \/wp:button -->\n\n<\/div>\n<!-- \/wp:buttons -->\n\n<\/div>\n<!-- \/wp:column -->\n\n<\/div>\n<!-- \/wp:columns -->\n\n<!-- wp:spacer {\"height\":\"calc( 0.25 * var(\\u002d\\u002dwp\\u002d\\u002dstyle\\u002d\\u002droot\\u002d\\u002dpadding-right, var(\\u002d\\u002dwp\\u002d\\u002dcustom\\u002d\\u002dgap\\u002d\\u002dhorizontal)))\"} -->\n<div class=\"wp-block-spacer\" style=\"height: calc( 0.25 * var(--wp--style--root--padding-right, var(--wp--custom--gap--horizontal)));\" aria-hidden=\"true\"><\/div>\n<!-- \/wp:spacer -->\n\n<!-- \/wp:group -->","protected":false},"excerpt":{"rendered":"<p>Les s\u00e9ances priv\u00e9es de Pilates \u00e0 distance offrent un accompagnement personnalis\u00e9, structur\u00e9 et exigeant, o\u00f9 que vous soyez. Chaque s\u00e9ance est con\u00e7ue selon vos besoins sp\u00e9cifiques : posture, renforcement des &hellip; <\/p>\n","protected":false},"author":1,"featured_media":0,"parent":0,"menu_order":0,"comment_status":"closed","ping_status":"closed","template":"","meta":{"footnotes":""},"class_list":["post-40","page","type-page","status-publish","hentry"],"_links":{"self":[{"href":"https:\/\/pilatesluxembourg.com\/index.php?rest_route=\/wp\/v2\/pages\/40","targetHints":{"allow":["GET"]}}],"collection":[{"href":"https:\/\/pilatesluxembourg.com\/index.php?rest_route=\/wp\/v2\/pages"}],"about":[{"href":"https:\/\/pilatesluxembourg.com\/index.php?rest_route=\/wp\/v2\/types\/page"}],"author":[{"embeddable":true,"href":"https:\/\/pilatesluxembourg.com\/index.php?rest_route=\/wp\/v2\/users\/1"}],"replies":[{"embeddable":true,"href":"https:\/\/pilatesluxembourg.com\/index.php?rest_route=%2Fwp%2Fv2%2Fcomments&post=40"}],"version-history":[{"count":20,"href":"https:\/\/pilatesluxembourg.com\/index.php?rest_route=\/wp\/v2\/pages\/40\/revisions"}],"predecessor-version":[{"id":338,"href":"https:\/\/pilatesluxembourg.com\/index.php?rest_route=\/wp\/v2\/pages\/40\/revisions\/338"}],"wp:attachment":[{"href":"https:\/\/pilatesluxembourg.com\/index.php?rest_route=%2Fwp%2Fv2%2Fmedia&parent=40"}],"curies":[{"name":"wp","href":"https:\/\/api.w.org\/{rel}","templated":true}]}}