{"id":232,"date":"2026-03-01T16:58:08","date_gmt":"2026-03-01T16:58:08","guid":{"rendered":"https:\/\/pilatesluxembourg.com\/?page_id=232"},"modified":"2026-03-28T12:17:11","modified_gmt":"2026-03-28T12:17:11","slug":"mini-programme-reset-postural","status":"publish","type":"page","link":"https:\/\/pilatesluxembourg.com\/?page_id=232","title":{"rendered":"S\u00e9ances Pilates \u00e0 domicile"},"content":{"rendered":"\t\t<div data-elementor-type=\"wp-page\" data-elementor-id=\"232\" class=\"elementor elementor-232\">\n\t\t\t\t<div class=\"elementor-element elementor-element-63ef10ff e-flex e-con-boxed e-con e-parent\" data-id=\"63ef10ff\" data-element_type=\"container\" data-e-type=\"container\">\n\t\t\t\t\t<div class=\"e-con-inner\">\n\t\t\t\t<div class=\"elementor-element elementor-element-2ccb4dd6 elementor-widget elementor-widget-text-editor\" data-id=\"2ccb4dd6\" data-element_type=\"widget\" data-e-type=\"widget\" data-widget_type=\"text-editor.default\">\n\t\t\t\t\t\t\t\t\t<p><strong><em>Une exp\u00e9rience Pilates exclusive dans votre espace personnel<\/em><\/strong><\/p>\n<p><!-- \/wp:paragraph --><!-- wp:paragraph --><\/p>\n<p><strong>Je me d\u00e9place \u00e0 votre domicile afin de vous offrir un accompagnement personnalis\u00e9 dans un cadre confortable et confidentiel.<\/strong><\/p>\n<p><!-- \/wp:paragraph --><!-- wp:paragraph --><\/p>\n<p><strong>Chaque s\u00e9ance est adapt\u00e9e \u00e0 votre posture, votre niveau et vos objectifs, avec une attention particuli\u00e8re port\u00e9e \u00e0 l\u2019alignement et au travail en profondeur et plus de connexion au corps.<\/strong><\/p>\n<p><!-- \/wp:paragraph --><!-- wp:paragraph --><\/p>\n<p><strong><em>La s\u00e9ance s\u2019int\u00e8gre parfaitement dans l\u2019agenda professionnel ou familial.<\/em><\/strong><\/p>\n<p><!-- \/wp:paragraph --><!-- wp:list --><\/p>\n<ul class=\"wp-block-list\">\n<li style=\"list-style-type: none;\">\n<ul class=\"wp-block-list\"><!-- wp:list-item --><\/ul>\n<\/li>\n<\/ul>\n<ul class=\"wp-block-list\">\n<li style=\"list-style-type: none;\">\n<ul class=\"wp-block-list\">\n<li><strong>Pas de regard ext\u00e9rieur<\/strong><\/li>\n<\/ul>\n<\/li>\n<\/ul>\n<p><!-- \/wp:list-item --><!-- wp:list-item --><\/p>\n<ul class=\"wp-block-list\">\n<li style=\"list-style-type: none;\">\n<ul class=\"wp-block-list\">\n<li><strong>Plus de concentration<\/strong><\/li>\n<\/ul>\n<\/li>\n<\/ul>\n<p><!-- \/wp:list-item --><!-- wp:list-item --><\/p>\n<ul class=\"wp-block-list\">\n<li style=\"list-style-type: none;\">\n<ul class=\"wp-block-list\">\n<li><strong>Pas de trajet.<\/strong><\/li>\n<\/ul>\n<\/li>\n<\/ul>\n<p><!-- \/wp:list-item --><!-- wp:list-item --><\/p>\n<ul class=\"wp-block-list\">\n<li style=\"list-style-type: none;\">\n<ul class=\"wp-block-list\">\n<li><strong>Pas de stress.<\/strong><\/li>\n<\/ul>\n<\/li>\n<\/ul>\n<p><!-- \/wp:list-item --><!-- wp:list-item --><\/p>\n<ul class=\"wp-block-list\">\n<li style=\"list-style-type: none;\">\n<ul class=\"wp-block-list\">\n<li><strong>Pas d\u2019attente.<\/strong><\/li>\n<\/ul>\n<\/li>\n<\/ul>\n<p><!-- \/wp:list-item --><\/p>\n<p><!-- \/wp:list --><!-- wp:group {\"metadata\":{\"name\":\"Pricing table\",\"categories\":[\"services\"],\"patternName\":\"three-column-pricing-table-2\"},\"align\":\"full\",\"className\":\"alignfull\",\"style\":{\"spacing\":{\"padding\":{\"top\":\"calc( 0.5 * var(\\u002d\\u002dwp\\u002d\\u002dstyle\\u002d\\u002droot\\u002d\\u002dpadding-right, var(\\u002d\\u002dwp\\u002d\\u002dcustom\\u002d\\u002dgap\\u002d\\u002dhorizontal)))\",\"bottom\":\"calc( 0.5 * var(\\u002d\\u002dwp\\u002d\\u002dstyle\\u002d\\u002droot\\u002d\\u002dpadding-right, var(\\u002d\\u002dwp\\u002d\\u002dcustom\\u002d\\u002dgap\\u002d\\u002dhorizontal)))\",\"left\":\"var(\\u002d\\u002dwp\\u002d\\u002dstyle\\u002d\\u002droot\\u002d\\u002dpadding-left, var(\\u002d\\u002dwp\\u002d\\u002dcustom\\u002d\\u002dgap\\u002d\\u002dhorizontal))\",\"right\":\"var(\\u002d\\u002dwp\\u002d\\u002dstyle\\u002d\\u002droot\\u002d\\u002dpadding-right, var(\\u002d\\u002dwp\\u002d\\u002dcustom\\u002d\\u002dgap\\u002d\\u002dhorizontal))\"},\"margin\":{\"top\":\"0\",\"bottom\":\"0\"}}},\"layout\":{\"type\":\"constrained\",\"justifyContent\":\"center\"}} --><\/p>\n<div class=\"wp-block-group alignfull\" style=\"margin-top: 0; margin-bottom: 0; padding: calc( 0.5 * var(--wp--style--root--padding-right, var(--wp--custom--gap--horizontal))) var(--wp--style--root--padding-right, var(--wp--custom--gap--horizontal)) calc( 0.5 * var(--wp--style--root--padding-right, var(--wp--custom--gap--horizontal))) var(--wp--style--root--padding-left, var(--wp--custom--gap--horizontal));\">\n<p><!-- wp:spacer {\"height\":\"calc( 0.25 * var(\\u002d\\u002dwp\\u002d\\u002dstyle\\u002d\\u002droot\\u002d\\u002dpadding-right, var(\\u002d\\u002dwp\\u002d\\u002dcustom\\u002d\\u002dgap\\u002d\\u002dhorizontal)))\"} --><\/p>\n<div class=\"wp-block-spacer\" style=\"height: calc( 0.25 * var(--wp--style--root--padding-right, var(--wp--custom--gap--horizontal)));\" aria-hidden=\"true\">\u00a0<\/div>\n<p><!-- \/wp:spacer --><!-- wp:heading {\"textAlign\":\"center\"} --><\/p>\n<h2 class=\"wp-block-heading has-text-align-center\">Packs<\/h2>\n<p><!-- \/wp:heading --><!-- wp:spacer {\"height\":\"var:preset|spacing|30\",\"width\":\"0px\"} --><\/p>\n<div class=\"wp-block-spacer\" style=\"height: var(--wp--preset--spacing--30); width: 0px;\" aria-hidden=\"true\">\u00a0<\/div>\n<p><!-- \/wp:spacer --><!-- wp:columns {\"metadata\":{\"name\":\"Tiers\"},\"align\":\"wide\"} --><\/p>\n<div class=\"wp-block-columns alignwide\">\n<p><!-- wp:column {\"metadata\":{\"name\":\"Tier Item\"},\"style\":{\"spacing\":{\"padding\":{\"right\":\"var:preset|spacing|40\",\"left\":\"var:preset|spacing|40\",\"top\":\"var:preset|spacing|30\",\"bottom\":\"var:preset|spacing|50\"},\"blockGap\":\"var:preset|spacing|40\"},\"border\":{\"width\":\"1px\"}},\"backgroundColor\":\"base-2\",\"borderColor\":\"primary\",\"layout\":{\"type\":\"constrained\"}} --><\/p>\n<div class=\"wp-block-column has-border-color has-primary-border-color has-base-2-background-color has-background\" style=\"border-width: 1px; padding: var(--wp--preset--spacing--30) var(--wp--preset--spacing--40) var(--wp--preset--spacing--50) var(--wp--preset--spacing--40);\">\n<p><!-- wp:paragraph {\"fontSize\":\"small\"} --><\/p>\n<p class=\"has-small-font-size\"><strong>Essentiel<\/strong><\/p>\n<p><!-- \/wp:paragraph --><!-- wp:heading {\"className\":\"is-style-default\"} --><\/p>\n<h2 class=\"wp-block-heading is-style-default\"><strong><strong>195\u20ac<\/strong><\/strong><\/h2>\n<p><!-- \/wp:heading --><!-- wp:group {\"layout\":{\"type\":\"flex\",\"orientation\":\"vertical\",\"justifyContent\":\"stretch\"}} --><\/p>\n<div class=\"wp-block-group\">\n<p><!-- wp:group {\"layout\":{\"type\":\"flex\",\"flexWrap\":\"nowrap\"}} --><\/p>\n<div class=\"wp-block-group\">\n<p><!-- wp:paragraph {\"align\":\"left\",\"style\":{\"elements\":{\"link\":{\"color\":{\"text\":\"var:preset|color|contrast-2\"}}}},\"textColor\":\"contrast-2\"} --><\/p>\n<p class=\"has-text-align-left has-contrast-2-color has-text-color has-link-color\"><strong>\u2726\u00a0<\/strong><strong><strong>3 s\u00e9ances<\/strong><\/strong><\/p>\n<p><!-- \/wp:paragraph --><\/p>\n<\/div>\n<p><!-- \/wp:group --><!-- wp:group {\"layout\":{\"type\":\"flex\",\"flexWrap\":\"nowrap\"}} --><\/p>\n<div class=\"wp-block-group\">\n<p><!-- wp:paragraph {\"align\":\"left\",\"style\":{\"elements\":{\"link\":{\"color\":{\"text\":\"var:preset|color|contrast-2\"}}}},\"textColor\":\"contrast-2\"} --><\/p>\n<p class=\"has-text-align-left has-contrast-2-color has-text-color has-link-color\"><strong>\u2726\u00a0<\/strong><strong>60 min.<\/strong><\/p>\n<p><!-- \/wp:paragraph --><\/p>\n<\/div>\n<p><!-- \/wp:group --><!-- wp:group {\"layout\":{\"type\":\"flex\",\"flexWrap\":\"nowrap\"}} --><\/p>\n<div class=\"wp-block-group\">\n<p><!-- wp:group {\"layout\":{\"type\":\"flex\",\"flexWrap\":\"nowrap\"}} --><\/p>\n<div class=\"wp-block-group\">\n<p><!-- wp:paragraph {\"align\":\"left\",\"style\":{\"elements\":{\"link\":{\"color\":{\"text\":\"var:preset|color|contrast-2\"}}}},\"textColor\":\"contrast-2\"} --><\/p>\n<p class=\"has-text-align-left has-contrast-2-color has-text-color has-link-color\"><strong>\u2726\u00a0<\/strong><strong>Frais de d\u00e9placement inclus (Luxembourg)<\/strong><\/p>\n<p><!-- \/wp:paragraph --><\/p>\n<\/div>\n<p><!-- \/wp:group --><\/p>\n<\/div>\n<p><!-- \/wp:group --><\/p>\n<\/div>\n<p><!-- \/wp:group --><!-- wp:spacer {\"height\":\"170px\"} --><\/p>\n<div class=\"wp-block-spacer\" style=\"height: 170px;\" aria-hidden=\"true\">\u00a0<\/div>\n<p><!-- \/wp:spacer --><!-- wp:buttons {\"layout\":{\"type\":\"flex\",\"justifyContent\":\"center\"}} --><\/p>\n<div class=\"wp-block-buttons\">\n<p><!-- wp:button {\"width\":100,\"className\":\"is-style-outline\"} --><\/p>\n<div class=\"wp-block-button has-custom-width wp-block-button__width-100 is-style-outline\"><a class=\"wp-block-button__link wp-element-button\">R\u00e9server votre place<\/a><\/div>\n<p><!-- \/wp:button --><\/p>\n<\/div>\n<p><!-- \/wp:buttons --><\/p>\n<\/div>\n<p><!-- \/wp:column --><!-- wp:column {\"metadata\":{\"name\":\"Tier Item (highlighted)\"},\"style\":{\"spacing\":{\"padding\":{\"right\":\"var:preset|spacing|40\",\"left\":\"var:preset|spacing|40\",\"top\":\"var:preset|spacing|30\",\"bottom\":\"var:preset|spacing|30\"},\"blockGap\":\"var:preset|spacing|40\"},\"border\":{\"width\":\"2px\"}},\"backgroundColor\":\"base-2\",\"borderColor\":\"primary\",\"layout\":{\"type\":\"constrained\"}} --><\/p>\n<div class=\"wp-block-column has-border-color has-primary-border-color has-base-2-background-color has-background\" style=\"border-width: 2px; padding: var(--wp--preset--spacing--30) var(--wp--preset--spacing--40) var(--wp--preset--spacing--30) var(--wp--preset--spacing--40);\">\n<p><!-- wp:paragraph {\"fontSize\":\"small\"} --><\/p>\n<p class=\"has-small-font-size\"><strong>Avanc\u00e9<\/strong><\/p>\n<p><!-- \/wp:paragraph --><!-- wp:heading {\"className\":\"is-style-default\"} --><\/p>\n<h2 class=\"wp-block-heading is-style-default\"><strong>300\u20ac<\/strong><\/h2>\n<p><!-- \/wp:heading --><!-- wp:group {\"layout\":{\"type\":\"flex\",\"flexWrap\":\"nowrap\"}} --><\/p>\n<div class=\"wp-block-group\">\n<p><!-- wp:paragraph {\"align\":\"left\",\"style\":{\"elements\":{\"link\":{\"color\":{\"text\":\"var:preset|color|contrast-2\"}}}},\"textColor\":\"contrast-2\"} --><\/p>\n<p class=\"has-text-align-left has-contrast-2-color has-text-color has-link-color\"><strong>\u2726\u00a0<\/strong><strong><strong>5 s\u00e9ances<\/strong><\/strong><\/p>\n<p><!-- \/wp:paragraph --><\/p>\n<\/div>\n<p><!-- \/wp:group --><!-- wp:group {\"layout\":{\"type\":\"flex\",\"flexWrap\":\"nowrap\"}} --><\/p>\n<div class=\"wp-block-group\">\n<p><!-- wp:paragraph {\"align\":\"left\",\"style\":{\"elements\":{\"link\":{\"color\":{\"text\":\"var:preset|color|contrast-2\"}}}},\"textColor\":\"contrast-2\"} --><\/p>\n<p class=\"has-text-align-left has-contrast-2-color has-text-color has-link-color\"><strong>\u2726\u00a0<\/strong><strong>60 min.<\/strong><\/p>\n<p><!-- \/wp:paragraph --><\/p>\n<\/div>\n<p><!-- \/wp:group --><!-- wp:group {\"layout\":{\"type\":\"flex\",\"flexWrap\":\"nowrap\"}} --><\/p>\n<div class=\"wp-block-group\">\n<p><!-- wp:paragraph {\"align\":\"left\",\"style\":{\"elements\":{\"link\":{\"color\":{\"text\":\"var:preset|color|contrast-2\"}}}},\"textColor\":\"contrast-2\"} --><\/p>\n<p class=\"has-text-align-left has-contrast-2-color has-text-color has-link-color\"><strong>\u2726\u00a0<\/strong><strong>Consultation posturale<\/strong><\/p>\n<p><!-- \/wp:paragraph --><\/p>\n<\/div>\n<p><!-- \/wp:group --><!-- wp:group {\"layout\":{\"type\":\"flex\",\"flexWrap\":\"nowrap\"}} --><\/p>\n<div class=\"wp-block-group\">\n<p><!-- wp:group {\"layout\":{\"type\":\"flex\",\"flexWrap\":\"nowrap\"}} --><\/p>\n<div class=\"wp-block-group\">\n<p><!-- wp:paragraph {\"align\":\"left\",\"style\":{\"elements\":{\"link\":{\"color\":{\"text\":\"var:preset|color|contrast-2\"}}}},\"textColor\":\"contrast-2\"} --><\/p>\n<p class=\"has-text-align-left has-contrast-2-color has-text-color has-link-color\"><strong>\u2726<\/strong><strong>Frais de d\u00e9placement inclus (Luxembourg)<\/strong><\/p>\n<p><!-- \/wp:paragraph --><\/p>\n<\/div>\n<p><!-- \/wp:group --><\/p>\n<\/div>\n<p><!-- \/wp:group --><!-- wp:spacer {\"height\":\"104px\"} --><\/p>\n<div class=\"wp-block-spacer\" style=\"height: 104px;\" aria-hidden=\"true\">\u00a0<\/div>\n<p><!-- \/wp:spacer --><!-- wp:buttons {\"layout\":{\"type\":\"flex\",\"justifyContent\":\"center\"}} --><\/p>\n<div class=\"wp-block-buttons\">\n<p><!-- wp:button {\"width\":100,\"className\":\"is-style-outline\"} --><\/p>\n<div class=\"wp-block-button has-custom-width wp-block-button__width-100 is-style-outline\"><a class=\"wp-block-button__link wp-element-button\">R\u00e9server votre place<\/a><\/div>\n<p><!-- \/wp:button --><\/p>\n<\/div>\n<p><!-- \/wp:buttons --><\/p>\n<\/div>\n<p><!-- \/wp:column --><!-- wp:column {\"metadata\":{\"name\":\"Tier Item\"},\"style\":{\"spacing\":{\"padding\":{\"right\":\"var:preset|spacing|40\",\"left\":\"var:preset|spacing|40\",\"top\":\"var:preset|spacing|30\",\"bottom\":\"var:preset|spacing|50\"},\"blockGap\":\"var:preset|spacing|40\"},\"border\":{\"width\":\"1px\"}},\"backgroundColor\":\"base-2\",\"borderColor\":\"primary\",\"layout\":{\"type\":\"constrained\"}} --><\/p>\n<div class=\"wp-block-column has-border-color has-primary-border-color has-base-2-background-color has-background\" style=\"border-width: 1px; padding: var(--wp--preset--spacing--30) var(--wp--preset--spacing--40) var(--wp--preset--spacing--50) var(--wp--preset--spacing--40);\">\n<p><!-- wp:paragraph {\"fontSize\":\"small\"} --><\/p>\n<p class=\"has-small-font-size\"><strong>Prestige<\/strong><\/p>\n<p><!-- \/wp:paragraph --><!-- wp:heading {\"className\":\"is-style-default\"} --><\/p>\n<h2 class=\"wp-block-heading is-style-default\"><strong>450\u20ac<\/strong><\/h2>\n<p><!-- \/wp:heading --><!-- wp:group {\"layout\":{\"type\":\"flex\",\"orientation\":\"vertical\",\"justifyContent\":\"stretch\"}} --><\/p>\n<div class=\"wp-block-group\">\n<p><!-- wp:group {\"layout\":{\"type\":\"flex\",\"flexWrap\":\"nowrap\"}} --><\/p>\n<div class=\"wp-block-group\">\n<p><!-- wp:paragraph {\"align\":\"left\",\"style\":{\"elements\":{\"link\":{\"color\":{\"text\":\"var:preset|color|contrast-2\"}}}},\"textColor\":\"contrast-2\"} --><\/p>\n<p class=\"has-text-align-left has-contrast-2-color has-text-color has-link-color\"><strong>\u2726\u00a0<\/strong><strong>8 s\u00e9ances<\/strong><\/p>\n<p><!-- \/wp:paragraph --><\/p>\n<\/div>\n<p><!-- \/wp:group --><!-- wp:group {\"layout\":{\"type\":\"flex\",\"flexWrap\":\"nowrap\"}} --><\/p>\n<div class=\"wp-block-group\">\n<p><!-- wp:paragraph {\"align\":\"left\",\"style\":{\"elements\":{\"link\":{\"color\":{\"text\":\"var:preset|color|contrast-2\"}}}},\"textColor\":\"contrast-2\"} --><\/p>\n<p class=\"has-text-align-left has-contrast-2-color has-text-color has-link-color\"><strong>\u2726\u00a0<\/strong><strong>60 min.<\/strong><\/p>\n<p><!-- \/wp:paragraph --><\/p>\n<\/div>\n<p><!-- \/wp:group --><\/p>\n<\/div>\n<p><!-- \/wp:group --><!-- wp:group {\"layout\":{\"type\":\"flex\",\"flexWrap\":\"nowrap\"}} --><\/p>\n<div class=\"wp-block-group\">\n<p><!-- wp:paragraph {\"align\":\"left\",\"style\":{\"elements\":{\"link\":{\"color\":{\"text\":\"var:preset|color|contrast-2\"}}}},\"textColor\":\"contrast-2\"} --><\/p>\n<p class=\"has-text-align-left has-contrast-2-color has-text-color has-link-color\"><strong>\u2726\u00a0<\/strong><strong>Consultation posturale Avant \/ Apr\u00e8s<\/strong><\/p>\n<\/div>\n<div class=\"wp-block-group\">\n<p><!-- \/wp:paragraph --><\/p>\n<\/div>\n<p><!-- \/wp:group --><!-- wp:group {\"layout\":{\"type\":\"flex\",\"flexWrap\":\"nowrap\"}} --><\/p>\n<div class=\"wp-block-group\">\n<p><!-- wp:paragraph {\"align\":\"left\",\"style\":{\"elements\":{\"link\":{\"color\":{\"text\":\"var:preset|color|contrast-2\"}}}},\"textColor\":\"contrast-2\"} --><\/p>\n<p class=\"has-text-align-left has-contrast-2-color has-text-color has-link-color\"><strong>\u2726<\/strong><strong>Frais de d\u00e9placement inclus (Luxembourg)<\/strong><\/p>\n<p><!-- \/wp:paragraph --><\/p>\n<\/div>\n<p><!-- \/wp:group --><!-- wp:group {\"layout\":{\"type\":\"flex\",\"flexWrap\":\"nowrap\"}} --><\/p>\n<div class=\"wp-block-group\">\n<p><!-- wp:group {\"layout\":{\"type\":\"flex\",\"flexWrap\":\"nowrap\"}} --><\/p>\n<div class=\"wp-block-group\">\n<p><!-- wp:paragraph {\"align\":\"left\",\"style\":{\"elements\":{\"link\":{\"color\":{\"text\":\"var:preset|color|contrast-2\"}}}},\"textColor\":\"contrast-2\"} --><\/p>\n<p class=\"has-text-align-left has-contrast-2-color has-text-color has-link-color\"><strong>\u2726\u00a0<\/strong><strong><strong>R\u00e9sultats visibles<\/strong><\/strong><\/p>\n<p class=\"has-text-align-left has-contrast-2-color has-text-color has-link-color\">\u00a0<\/p>\n<\/div>\n<\/div>\n<div class=\"wp-block-buttons\">\n<div class=\"wp-block-button has-custom-width wp-block-button__width-100 is-style-outline\"><a class=\"wp-block-button__link wp-element-button\">R\u00e9server votre place<\/a><\/div>\n<p><!-- \/wp:button --><\/p>\n<\/div>\n<p><!-- \/wp:buttons --><\/p>\n<\/div>\n<p><!-- \/wp:column --><\/p>\n<\/div>\n<p><!-- \/wp:columns --><!-- wp:spacer {\"height\":\"calc( 0.25 * var(\\u002d\\u002dwp\\u002d\\u002dstyle\\u002d\\u002droot\\u002d\\u002dpadding-right, var(\\u002d\\u002dwp\\u002d\\u002dcustom\\u002d\\u002dgap\\u002d\\u002dhorizontal)))\"} --><\/p>\n<div class=\"wp-block-spacer\" style=\"height: calc( 0.25 * var(--wp--style--root--padding-right, var(--wp--custom--gap--horizontal)));\" aria-hidden=\"true\">\u00a0<\/div>\n<p><!-- \/wp:spacer --><\/p>\n<\/div>\n<p><!-- \/wp:group --><!-- wp:paragraph --><\/p>\n<p><!-- \/wp:paragraph --><\/p>\t\t\t\t\t\t\t\t<\/div>\n\t\t\t\t\t<\/div>\n\t\t\t\t<\/div>\n\t\t\t\t<\/div>\n\t\t","protected":false},"excerpt":{"rendered":"<p>Une exp\u00e9rience Pilates exclusive dans votre espace personnel Je me d\u00e9place \u00e0 votre domicile afin de vous offrir un accompagnement personnalis\u00e9 dans un cadre confortable et confidentiel. Chaque s\u00e9ance est &hellip; <\/p>\n","protected":false},"author":1,"featured_media":0,"parent":0,"menu_order":0,"comment_status":"closed","ping_status":"closed","template":"","meta":{"footnotes":""},"class_list":["post-232","page","type-page","status-publish","hentry"],"_links":{"self":[{"href":"https:\/\/pilatesluxembourg.com\/index.php?rest_route=\/wp\/v2\/pages\/232","targetHints":{"allow":["GET"]}}],"collection":[{"href":"https:\/\/pilatesluxembourg.com\/index.php?rest_route=\/wp\/v2\/pages"}],"about":[{"href":"https:\/\/pilatesluxembourg.com\/index.php?rest_route=\/wp\/v2\/types\/page"}],"author":[{"embeddable":true,"href":"https:\/\/pilatesluxembourg.com\/index.php?rest_route=\/wp\/v2\/users\/1"}],"replies":[{"embeddable":true,"href":"https:\/\/pilatesluxembourg.com\/index.php?rest_route=%2Fwp%2Fv2%2Fcomments&post=232"}],"version-history":[{"count":18,"href":"https:\/\/pilatesluxembourg.com\/index.php?rest_route=\/wp\/v2\/pages\/232\/revisions"}],"predecessor-version":[{"id":344,"href":"https:\/\/pilatesluxembourg.com\/index.php?rest_route=\/wp\/v2\/pages\/232\/revisions\/344"}],"wp:attachment":[{"href":"https:\/\/pilatesluxembourg.com\/index.php?rest_route=%2Fwp%2Fv2%2Fmedia&parent=232"}],"curies":[{"name":"wp","href":"https:\/\/api.w.org\/{rel}","templated":true}]}}