{"id":18,"date":"2026-02-18T10:27:39","date_gmt":"2026-02-18T10:27:39","guid":{"rendered":"https:\/\/pilatesluxembourg.com\/?page_id=18"},"modified":"2026-03-20T18:25:51","modified_gmt":"2026-03-20T18:25:51","slug":"services","status":"publish","type":"page","link":"https:\/\/pilatesluxembourg.com\/?page_id=18","title":{"rendered":"Services"},"content":{"rendered":"\n<p>Chez <strong><em>Pilates Luxembourg<\/em><\/strong>, chaque accompagnement est con\u00e7u comme une exp\u00e9rience personnalis\u00e9e, o\u00f9 la pr\u00e9cision du mouvement rencontre l\u2019exigence de la qualit\u00e9.<\/p>\n\n\n\n<p>\u00c0 travers <em><strong>la M\u00e9thode Contr\u00f4le Balance<\/strong><\/em>, je propose des s\u00e9ances pens\u00e9es pour r\u00e9pondre aux besoins sp\u00e9cifiques de chaque personne, dans un cadre confidentiel, structur\u00e9 et harmonieux.<\/p>\n\n\n\n<p>Qu\u2019il s\u2019agisse de s\u00e9ances priv\u00e9es \u00e0 domicile, d\u2019un accompagnement en ligne ou d\u2019exp\u00e9riences en petit groupe pour \u00e9v\u00e9nements, chaque format est d\u00e9velopp\u00e9 avec la m\u00eame attention au d\u00e9tail, \u00e0 l\u2019alignement postural et \u00e0 la fluidit\u00e9 du mouvement.<\/p>\n\n\n\n<p>Mon approche repose sur trois piliers essentiels :<\/p>\n\n\n\n<ul class=\"wp-block-list\">\n<li><strong>Personnalisation<\/strong> \u2013 un travail adapt\u00e9 \u00e0 votre posture, votre niveau et vos objectifs<\/li>\n\n\n\n<li><strong>Pr\u00e9cision<\/strong> \u2013 une attention minutieuse \u00e0 l\u2019alignement et au contr\u00f4le<\/li>\n\n\n\n<li><strong>Qualit\u00e9<\/strong> \u2013 des s\u00e9ances limit\u00e9es en nombre afin de garantir un encadrement optimal<\/li>\n<\/ul>\n\n\n\n<p>Chaque service est con\u00e7u pour offrir plus qu\u2019une s\u00e9ance de Pilates :<br>un espace pour renforcer le corps, une m\u00e9thode pr\u00e9cise, apaiser l\u2019esprit et d\u00e9velopper une ma\u00eetrise durable du mouvement.<\/p>\n\n\n\n<p class=\"has-text-align-center\"><em>L\u2019objectif n\u2019est pas simplement de pratiquer le Pilates,<br>mais de d\u00e9velopper une conscience corporelle durable, une posture \u00e9quilibr\u00e9e et une confiance ancr\u00e9e.<\/em><\/p>\n\n\n\n<p><\/p>\n\n\n\n<p><\/p>\n","protected":false},"excerpt":{"rendered":"<p>Chez Pilates Luxembourg, chaque accompagnement est con\u00e7u comme une exp\u00e9rience personnalis\u00e9e, o\u00f9 la pr\u00e9cision du mouvement rencontre l\u2019exigence de la qualit\u00e9. \u00c0 travers la M\u00e9thode Contr\u00f4le Balance, je propose des &hellip; <\/p>\n","protected":false},"author":1,"featured_media":0,"parent":0,"menu_order":0,"comment_status":"closed","ping_status":"closed","template":"","meta":{"footnotes":""},"class_list":["post-18","page","type-page","status-publish","hentry"],"_links":{"self":[{"href":"https:\/\/pilatesluxembourg.com\/index.php?rest_route=\/wp\/v2\/pages\/18","targetHints":{"allow":["GET"]}}],"collection":[{"href":"https:\/\/pilatesluxembourg.com\/index.php?rest_route=\/wp\/v2\/pages"}],"about":[{"href":"https:\/\/pilatesluxembourg.com\/index.php?rest_route=\/wp\/v2\/types\/page"}],"author":[{"embeddable":true,"href":"https:\/\/pilatesluxembourg.com\/index.php?rest_route=\/wp\/v2\/users\/1"}],"replies":[{"embeddable":true,"href":"https:\/\/pilatesluxembourg.com\/index.php?rest_route=%2Fwp%2Fv2%2Fcomments&post=18"}],"version-history":[{"count":10,"href":"https:\/\/pilatesluxembourg.com\/index.php?rest_route=\/wp\/v2\/pages\/18\/revisions"}],"predecessor-version":[{"id":308,"href":"https:\/\/pilatesluxembourg.com\/index.php?rest_route=\/wp\/v2\/pages\/18\/revisions\/308"}],"wp:attachment":[{"href":"https:\/\/pilatesluxembourg.com\/index.php?rest_route=%2Fwp%2Fv2%2Fmedia&parent=18"}],"curies":[{"name":"wp","href":"https:\/\/api.w.org\/{rel}","templated":true}]}}